5)?
-104
What is (-87 - -48) + -3 + 3 + 13?
-26
(15 - (18 + 4)) + -7 + (-4 - (-5 - -4))
-17
Evaluate 0 - -67 - (-1502 + 1580).
-11
Evaluate -19 - (-170 + 106 - 28).
73
1 + 15 - 4 - (-383 + 411)
-16
-115 - -130 - (-94 - -2) - (25 - 23)
105
Evaluate (-5 + (122 - -5) - (80 - 71)) + -1.
112
Calculate (91 - 73 - (3 + 32)) + (-3 - (-2 + 0)).
-18
Evaluate (20 + -49 - (102 - 43)) + (0 - -4 - -1).
-83
Evaluate 6991 - 7039 - (-53 + 0).
5
-14 + (-32 - -4) + (73 - 13)
18
Calculate 22 + 15 + 7 + 1 + -8.
37
-205 - 3 - (-67 + -35)
-106
What is the value of -6 + (-9 + 43 - 22) + 1 + 2 - 43?
-34
Evaluate -8 - -30 - (-22 - -83).
-39
Calculate 3 + -68 + 46 + -49.
-68
Calculate (-217 + 110 - -92) + (1 - (51 + -1)).
-64
Evaluate -158 - -137 - (16 + -2).
-35
Calculate -88 - (-212 - -26) - 93.
5
Evaluate -99 - (140 - 310) - (-2 - (-13 - (-1 + -1))).
62
Calculate 6 - (-111 + 3 + 83).
31
Evaluate 80 + (-139 - -84) - 74.
-49
31 - (63 + -35 + -6)
9
Calculate (-9 - -3 - (-136 + 106)) + -30.
-6
What is -14 + 7 + ((-7 - 4) + -2 - 9)?
-29
What is (-35 - (5 + 8 + (8 - 11))) + -5 + 4?
-46
Calculate (-3 - (-5 + 17 + (-6 - 6))) + 9.
6
What is the value of -5 - (13 + 10 + (2 - (7 - -6)) - 10)?
-7
15 + (-79 - (55 - 108))
-11
What is the value of 10 + -83 + 52 + 24?
3
Calculate (16 - -11) + -6 + 13 - 5.
29
Calculate -50 + 31 + -1 - (4 + 11).
-35
What is the value of -1 - ((-44 - -26) + (-8 - -72))?
-47
What is the value of (19 + -61 - -52) + -17 + 106?
99
Calculate -50 - (34 + -27 + 3 + -23 + 0) - -11.
-26
What is (-2 - (32 + -108)) + (-25 - 8)?
41
What is the value of 30 - ((-2 - -37) + -20 + -59)?
74
Calculate (-10 - 44 - -10) + 48 + 13 + 0 + -2.
15
What is the value of -10 + -63 - 31 - -96?
-8
Evaluate -7 - 0 - (61 + (-24 - 2) - -31).
-73
Calculate -44 - (-11 + -35) - (-6 + 6 + -9).
11
What is the value of 1 - -1 - -7 - (46 + -4 + -73) - 5?
35
What is the value of -123 + (90 - (3 + 64))?
-100
What is -7 + -28 + (-23 - -35) + -27?
-50
Evaluate 4 + 13 + (-53 - (5 + 2)).
-43
What is -65 - (-18 - -37 - 29)?
-55
What is 35 - 27 - (12 + (-7 - -6) + -3 + 0)?
0
What is -4 - ((-16 - (-15 + 7) - -6) + -8)?
6
What is (-4 - -4) + 13 + (2 + 124 - (46 + -28))?
121
Calculate 2 + -57 + 62 + -4.
3
What is the value of -71 + 65 + (-3 - -21) + -7 - 51?
-46
Evaluate 9 + (-6 - ((-19 - 10) + 21)).
11
Evaluate 86 + -21 - 69 - (0 + -42 - -2 - -1).
35
Evaluate (31 - 24) + 23 + -18 + -55.
-43
Evaluate (-44 - (-7 - (-1 + -6))) + (-8 - (-8 - -8)).
-52
What is the value of (-2 + 3 + -28 - -15) + -6?
-18
Calculate (16 - (19 + -9 + -35)) + 17.
58
What is the value of -14 - (-3 - -37) - -40?
-8
What is -75 - (54 + -182) - (0 + 5)?
48
Evaluate 572 - 561 - (30 - -1) - -68.
48
What is 95 + (24 + -24 - ((10 - (8 + 3)) + 3))?
93
What is the value of -61 - (-106 + 111 - ((16 - 2) + -5 - -2))?
-55
13 + (-34 - (-10 - 24))
13
Evaluate 2 + 11 + -75 + 87 - -19.
44
Evaluate 16 + -10 - (9 + 8) - -108 - (6 - 0).
91
What is -8 + 4 + (23 - -17) + -111?
-75
0 + (-11 - (-22 + 23)) + 2 + 9
-1
What is the value of 1 - 21 - -7 - (57 - 59) - (1 - 54)?
42
Evaluate 14 + (10 - -19) + -18 + -7.
18
Evaluate (7 - -25) + (-10 - -44) + -25.
41
Evaluate -68 + -15 + 20 - (3 + -1).
-65
What is -13 - (106 + (39 - 153))?
-5
What is the value of (-15 - -2) + 17 + 12 + (-1 - (-3 + 2))?
16
35 - ((2 - 2) + (-1164 - -1181))
18
Evaluate -1 + -21 - (-56 - -69) - -56.
21
81 + (7 - (62 + -16))
42
What is the value of (6 - -1) + (3 - (-32 + 23 + -7))?
26
Calculate (2 + 8 - (29 + 25 + -51)) + -126.
-119
What is 2 - -51 - (-7 + (-16 - 3 - -12) - -15)?
52
Evaluate 21 + -77 + 33 + -28 + 9.
-42
What is -62 + -23 + 52 - -23 - (1 + -54)?
43
Evaluate (-8 + 4 - (-25 + 23)) + -5.
-7
(4 - -1 - (-104 + 95)) + 0 + -1 + -38
-25
Calculate (-50 + (-34 - -74) - (-3 + -10)) + -9.
-6
Calculate 20 + (9 - (9 - -175)) + 51.
-104
What is 58 - ((-17 - (21 + -16) - 6) + 13)?
73
What is the value of 41 - (33 + -9 + 13)?
4
Calculate (99 - (-12 + -7 + 15)) + 25 + -37.
91
Calculate 25 - (-34 - -64) - -48.
43
What is (-12 - 45) + 122 - (-3 + 8 + 3)?
57
What is the value of (-5 - -14) + 16 + (1 - 7) + 4?
23
What is 38 + -37 + 11 - (-97 - (5 + -2) - 8)?
120
What is the value of 13 - ((-721 - -753) + -9 + -1)?
-9
What is the value of (1 - 1) + (-4 + 5 + 26 - 12 - 20)?
-5
What is 20 + -31 + 4 + 20 - -9?
22
What is the value of (122 - 347 - -144) + (-1 - 15)?
-97
288 - 325 - (-3 - 22)
-12
What is the value of 23 + -57 - 53 - -58?
-29
What is 56 + -56 + 108 - 63?
45
Calculate -16 + -19 + (2 - -41) - (6 + -41).
43
-124 + (13 - 7) - (-1699 - -1730)
-149
What is the value of 36 + 46 + -65 + (-2 - -5)?
20
What is the value of (92 + -45 - 29) + -7?
11
(2 - 1 - 3) + (-11 + 65 - (158 + -102))
-4
What is the value of 111 + (6 - 92) + 71?
96
What is 30 + -41 + (17 - -1) - 20?
-13
26 - (118 - (104 - 52)) - ((-1 - -1) + 6)
-46
What is 991 - (719 - -258) - (2 + -2 + 1 - -75)?
-62
Calculate (15 - 15 - -12) + -2 - (-3 - 3).
16
What is the value of -3 + (-36 - (-4 + 0) - (-12 + -2))?
-21
3 + 7 - -15 - -16 - (-1 + (3 - -1))
38
What is (6 - (55 + -38)) + 4?
-7
Evaluate (0 + -6 - (-40 + 56)) + -9 - -4.
-27
Calculate (161 - 124) + (1 - 40).
-2
0 + -8 - (27 + 29 - 57)
-7
(98 + -118 - 57) + 0
-77
Evaluate (-8 + 17 - (23 - 1) - 47) + 14.
-46
Evaluate (494 - 489) + 0 + -11 + -22.
-28
Calculate (-15 - 1) + -112 + -39 + 195.
28
Calculate (-37 - -28 - (-2 - 2)) + (-3 - (0 - 37)).
29
What is 20 + (11 - (15 + 3) - -21)?
34
Evaluate 13 + (-8 - -23) - 7.
21
Evaluate (-7 + -3 - (16 - -7)) + (-15 - -29).
-19
Evaluate 73 - (26 - (38 - 24)).
61
Calculate 102 + -113 - (-3 + 5 - (-15 + 0)).
-28
What is the value of 0 - 68 - (14 + -69 + 34)?
-47
Evaluate -70 - (-43 + -58 + 19).
12
Calculate 48 - 37 - (15 + 1 - 0).
-5
What is -129 - (-138 - (-5 - 79))?
-75
What is 79 - (143 + -125 + 40)?
21
What is (99 - 137) + -24 + -60?
-122
What is 79 + -34 + 26 + 11 + -15?
67
Evaluate -71 + (3 - ((0 - -2) + -291 + 297)).
-76
Calculate (-4 - -2) + -37 + (-940 - -950).
-29
What is the value of (86 - 162) + -8 + (4 - -2) + 1 + -9?
-86
What is (15 - (-5 - (-16 - -18) - -18)) + -7?
-3
Evaluate 131 + (15 - (220 - 138)).
64
Evaluate 19 + -13 + 0 + 3 - (2 - -15).
-8
Calculate -1141 + 1146 + (-3 - (81 - 1 - -2)).
-80
-2 + 22 + -8 - (-8 - (-5 - 2))
13
What is the value of 2 - (2 + -63 - (-23 - -27)) - (11 + -6)?
62
(988 - 1024) + (4 - -27) - ((-1 - 32) + 1)
27
What is -258 - -153 - (-164 - 30)?
89
What is (-67 - -131) + -82 + 78?
60
What is the value of -4 - -53 - (-5 + 4 + 1 - (1 + -12))?
38
What is the value of (58 - -2) + -46 + 70 + -40?
44
(3 - (8 - -13)) + -51 + 7
-62
Evaluate (32 - (7 - 26)) + -30.
21
179 - 340 - -156 - (1 + -4 - -1)
-3
(-50 - -2) + (-2014 - -2051)
-11
-60 - 33 - (33 - 24 - -1)
-103
Calculate (3 + (3 - ((-9 - -9) + 9)) - -5) + -9.
-7
3 + 12 + -18 + 12 - (-20 - 6)
35
Calculate -28 + (-4 + 25 - -3) + 96.
92
Calculate (48 - 48) + 57 + -4.
53
What is the value of 16 + -1 + -341 + 296?
-30
Evaluate 113 + -55 + -19 - 66.
-27
(16 - 11) + 51 + (-2 - 2 - 2 - 1)
49
36 + 21 - (-22 + (6 - 7) + 6)
74
Evaluate -43 + (-13 - -22) + -21 - -8.
-47
What is the value of -23338 + 23375 - (-2 + 1 - -68)?
-30
What is the value of -214 + 185 + (18 - -2) - (-5 - -2 - 62)?
56
Calculate -29 + -6 + 46 + -27.
-16
Evaluate 58 - 33 - (1 - -5) - (-7 + 8 + -8).
26
Calculate 17 + (-4 - 2) + (-31 - -35 - 0).
15
Calculate (42 - 4 - (14 - 38)) + 30.
92
(-128 - 0) + (990 - 921)
-59
Calculate 1937 + -2021 - (-112 + 3).
25
Calculate 1 + -6 + (-128 - (-277 + 98)) + -12.
34
Evaluate -1253 + 1224 - (-72 + -1).
44
(-1 + 24 - (32 + (-14 - 10))) + 88
103
What is (11 - 21 - 96) + (33 - -1)?
-72
Evaluate -2 - (1 - 4) - (-167 + 224 - (-16 - -2)).
-70
Calculate 50 + 2 - (-1358 + 1397).
13
Calculate 1 + 38 + 2 + -13 + -10 + 13.
31
Evaluate -79 - (3 + 5 + -23 + (-6 - -7)).
-65
Evaluate (3 + 28 - 6) + (-38 - (6 - 33)).
14
Calculate 1 - 3 - (-3 + -6 + 17) - -21.
11
(22 - (-38 + -10 - -8)) + 4
66
Calculate (-1 - -2) + 13 + (1334 - 1317).
31
Evaluate (-18 - -38) + -96 + 2 + 6.
-68
What is the value of -52 + (-39 - -54 - -41)?
4
What is the value of (10 - 24) + (71 - 86) + 55?
26
What is the value of (60 + (45 - 34) - ((0 - 9) + -4)) + -14?
70
Evaluate 8 - ((2 - (-88 - (-2 - -9))) + 42 + -43).
-88
Evaluate -2 + -61 + 4 + 108.
49
116 + 17 + -79 + -4
50
Evaluate (-10 - -57) + -1